, 5
Let x(t) = 2*t**2 - 14. Let m be x(-6). Suppose -577 = -3*c - m. List the prime factors of c.
173
Suppose 36*h - 67644 = 8640. List the prime factors of h.
13, 163
Suppose 2*i + 5735 = 5*w, -4810 = -3*w - 2*i - 1369. List the prime factors of w.
31, 37
What are the prime factors of ((-1)/((-15)/(-27)))/(12/(-1060))?
3, 53
Let z = -9 - -9. Suppose 5*l = -q + 58, 3*q + 2*l = -z*l + 187. List the prime factors of q.
3, 7
Suppose -4*v = -2*v. Let m be (1 + v)*(-14 - -18). List the prime factors of m + (-7)/((-14)/16).
2, 3
Suppose -10 - 10 = -5*d. Suppose 0 = d*y - 3*y. Suppose y = 2*o - 49 - 65. What are the prime factors of o?
3, 19
Suppose 41 = 5*g + 21. Suppose -5*b + 355 = 5*l, 345 = 5*l - g*b - b. What are the prime factors of l?
2, 5, 7
Let o = -17 - -29. Let c = o - 13. What are the prime factors of (1 - c)*(-372)/(-24)?
31
Let j = -89 - -143. Suppose 0 = 5*k - 4*q - 8, 4 = -4*q + 2*q. Suppose k = 4*d - 3*d - j. What are the prime factors of d?
2, 3
Suppose -35*s = -36*s + 689. What are the prime factors of s?
13, 53
Let b = 1028 + -729. What are the prime factors of b?
13, 23
What are the prime factors of (-288150)/(-400) + 3/(-8)?
2, 3, 5
Suppose -1508 = -15*n + 2*n. Let g = 250 - n. List the prime factors of g.
2, 67
Let m = 0 - -3. Let f(b) = -2*b**2 - 4*b - 2. Let h(n) = -1. Let x(v) = -f(v) + 4*h(v). What are the prime factors of x(m)?
2, 7
What are the prime factors of -24*12/(-7)*(-154)/(-11)?
2, 3
Let l(u) = -u**3 - 7*u**2 - 7*u - 6. Let i be l(-6). Let b(t) = 15 + 32*t**2 - 65*t**2 + 32*t**2 - t. What are the prime factors of b(i)?
3, 5
Let s = 21 - 17. Suppose -s*o - 9 = -5*t - 174, -2*t + 38 = o. Let v = o + -22. List the prime factors of v.
2, 3
Let y(m) = -2*m**3 + 21*m**2 + 18*m - 15. Let x(k) = 5*k**3 - 43*k**2 - 35*k + 30. Let d(w) = -3*x(w) - 7*y(w). List the prime factors of d(-17).
83
Let b = 2265 + -728. List the prime factors of b.
29, 53
Let l be (-2 - (-6)/5)*-5. Let j(t) = 20*t - 112. Let g be j(8). Suppose -5*n + g + 237 = 5*c, 2*n - l*c = 138. What are the prime factors of n?
61
Let i(j) = j**3 + 14*j**2 - 13*j + 19. What are the prime factors of i(-10)?
3, 61
Let j be (147/6)/(2/4). What are the prime factors of (-6)/21 + 308/j?
2, 3
Let y = 111 + -216. Let d = 201 + y. Suppose 3*v = d + 15. What are the prime factors of v?
37
Let r = 515 - 500. Let l = -2 + 5. Suppose -2*d = d - l*a - r, -4*d = a - 40. List the prime factors of d.
3
Suppose -7 = 3*o + 5. Let r be (-18)/o*28/21. Suppose 65 = -h + r*h. List the prime factors of h.
13
Let x(o) = o**3 - 12*o**2 + 13*o - 12. Let v = -15 + 26. Let t be x(v). Suppose 0 = -t*a + 4*a + 102. List the prime factors of a.
17
Let y(t) = 5*t**2 + 4*t - 9. Let m be y(-9). Suppose -4*a + 92 + 240 = -3*b, -4*a - 4*b + m = 0. What are the prime factors of a?
2, 43
Suppose 3*z + 4 = 3*r + 13, 3*r - 7 = -z. Suppose -485 = -3*i - 0*i - 5*c, z*c + 139 = i. List the prime factors of i.
5, 31
Let c = -32 + 26. List the prime factors of c/(-8) + 340/16.
2, 11
Let v(a) = a + 6. Let b be v(-6). Suppose 3*u + 3*m - 3 = b, -2*u - 26 = -8*m + 3*m. List the prime factors of 39*(u/3 + 2).
3, 13
Suppose 20 = 5*f, -3*f = -6*q + q + 213. Let t = -25 + q. Suppose -79 = -4*u - y - 4*y, -4*y - t = 0. What are the prime factors of u?
2, 13
Let l = -1506 + 2658. What are the prime factors of l?
2, 3
Suppose -4*r - 2 = -3*d + 5, -4*r - 8 = -4*d. Let u(n) = 186*n**2 - 4*n + 3. List the prime factors of u(d).
5, 37
Suppose -4*j = -j. Let c be 1 - (3 + -7 - -3). Suppose -5*b + 4*f = -88, j*b - c*b + 28 = -4*f. What are the prime factors of b?
2, 5
Suppose 2*i - 2450 = 2*d - 806, 4*i + 3*d = 3295. What are the prime factors of i?
823
Let n(a) = -a**3 - 4*a**2 + 6*a + 1. Suppose 3*c + 12 + 3 = 0. Let q be n(c). Let t = 27 - q. What are the prime factors of t?
31
Let c(r) = -18*r**3 - 9*r**2 + 6*r + 1. What are the prime factors of c(-5)?
2, 499
Let n be (183/(-6))/(2/4). Suppose 465 = 5*r - 5*t, 205 = 2*r + 4*t + 31. Let f = r + n. List the prime factors of f.
2, 3, 5
Let s be 0 - (3 - (-28)/(-1)). Suppose -4*x + s = -27. Suppose -4*i = -3*k + 73, -k + i + x = -12. List the prime factors of k.
3
Let d(v) = 178*v - 78. List the prime factors of d(4).
2, 317
Let l be -4 + (2 - (-10)/1). What are the prime factors of (-5 - -23 - l)*11/2?
5, 11
Suppose -2*y = -2*j - 394, 0 = -y + 3*j - 23 + 210. List the prime factors of y.
2, 101
Suppose 0 = -17*w + 12*w + 2085. What are the prime factors of w?
3, 139
Suppose -40*i = -42*i + 1034. What are the prime factors of i?
11, 47
Suppose -2*y = -5*i + 310 + 150, 0 = -4*i + 3*y + 361. What are the prime factors of i?
2, 47
Let u(q) = -9*q**3 + 17*q**2 + 52*q + 10. What are the prime factors of u(-4)?
2, 5, 13
Suppose -m = -3*r + 10920, -10*r - 2*m = -11*r + 3635. What are the prime factors of r?
11, 331
Suppose 0 = -72*r + 12*r + 48600. List the prime factors of r.
2, 3, 5
Suppose 4*k - 6*k - 6 = 0. Let h(o) = -2*o**3 - 2*o + 2. Let a(x) = -5*x**3 - 5*x + 6. Let v(n) = k*a(n) + 8*h(n). What are the prime factors of v(-3)?
2, 7
Let g be (4 - 16)*(-2)/4. Suppose 0 = g*l + 29 + 7. List the prime factors of -3 - -38 - l/2.
2, 19
Suppose -4*b + 2*p + 362 = 0, 5*b - 4*b - 90 = p. What are the prime factors of b?
7, 13
Let q(u) = 4*u - 2*u + 3 + 4 - 39*u**2 - 6. Let t be q(-1). Let y = 74 + t. List the prime factors of y.
2, 17
Let r = -136 - -195. Let m = r + -37. List the prime factors of m.
2, 11
Let j be (-1)/(-3 + (-20)/(-8)). Let c = -23 + 25. Suppose c = p - 2*p, -j*a + 5*p = -22. List the prime factors of a.
2, 3
Suppose -2*h = -v - 444, -851 = -3*h + 4*v - 185. List the prime factors of h.
2, 3, 37
Let l(t) = t**3 + 10*t**2 + 2*t - 4. Let v be l(8). What are the prime factors of v/16 - (-1)/4?
73
Suppose 80*x - 83*x = -4461. What are the prime factors of x?
1487
What are the prime factors of 13/(-52) + 2 + 12951/12?
23, 47
Suppose 5*k = 4*r - 3614 - 9440, -r + k = -3263. List the prime factors of r.
3, 1087
Let l(i) = 0 - 5 - i**2 + 6*i + 0. Let b be l(4). What are the prime factors of b + -9*(-4)/6?
3
Suppose 13*p - 2*o = 9*p + 2294, -p + 2*o + 578 = 0. List the prime factors of p.
2, 11, 13
Let n(j) = 2*j**2 + 49*j - 271. What are the prime factors of n(-58)?
3, 5, 241
Suppose -3*n + 1 = -5. List the prime factors of 1281/14 - (-1)/n.
2, 23
Let r = -4196 + 7076. List the prime factors of r.
2, 3, 5
Let w(k) = -k**2 + 2*k - 2. Let b be w(0). What are the prime factors of ((-304)/40)/(b/5)?
19
Let s(y) = -6*y + 7. Let q(z) = 5*z - 7. Let c(f) = -3*q(f) - 2*s(f). Let g be c(-6). Let w = g - 16. What are the prime factors of w?
3
Let t be -1*((-3 - -7) + -3). What are the prime factors of (-1 + -547)/(-4) + (t - -3)?
139
Suppose 0 = -5*l + 2*l + 198. Suppose q + 3*u + 8 = -14, -3*q - 5*u = l. What are the prime factors of (-1294)/q - (-12)/66?
59
Let k = -31 - -70. Suppose 4*c - 148 = -3*t, 5*t + 43 = 3*c - k. What are the prime factors of c?
2, 17
Let p = -82 + 34. Let f = p + 67. What are the prime factors of f?
19
Let q = -97 - -663. List the prime factors of q.
2, 283
What are the prime factors of (-2)/(-5) - (-48756)/60?
3, 271
Let s = -32 - -66. Suppose -33*c = -s*c + 41. List the prime factors of c.
41
Let v = 2570 - 1091. What are the prime factors of v?
3, 17, 29
Let d(y) = 2*y + 230. List the prime factors of d(55).
2, 5, 17
Let t(j) = -38*j + 4. List the prime factors of t(-17).
2, 5, 13
Suppose 3*q + 2 = 4*y + 6, -5*q + 2*y + 2 = 0. Let t be -8 - (-3 + (q - -1)). Let v = 31 - t. What are the prime factors of v?
37
Let o = -202 + 299. Let k = o - -147. What are the prime factors of k?
2, 61
Suppose 1557 = -18*a + 43101. What are the prime factors of a?
2, 577
Suppose 615 = 3*c + m, -2*c - 621 = -5*c - 3*m. Suppose 0 = 3*l - 6*l - c. List the prime factors of l*(-2)/4 + 2.
2, 3
Let d(j) = -3*j**2 - 7*j - 10. Let c be d(-6). List the prime factors of 6 - (c/18 - (-6)/27).
2, 5
Let b(f) = -57*f**3 + 4*f**2 - f - 13. List the prime factors of b(-3).
5, 313
Suppose 8*s - 4*s = -144. Let n = -23 + s. Let w = -41 - n. What are the prime factors of w?
2, 3
Let q(f) = f**2 - 5*f + 113. List the prime factors of q(19).
379
Let b(f) = 240*f - 318. List the prime factors of b(23).
2, 3, 17
Suppose r + 3 = 2*r. Let t(l) = -r*l**2 + 5*l**2 + 3 - l**3 + 4*l + 0*l**